{"id":90,"date":"2025-10-21T17:32:49","date_gmt":"2025-10-21T15:32:49","guid":{"rendered":"https:\/\/tapdesyeps.fr\/?page_id=90"},"modified":"2026-03-28T17:39:26","modified_gmt":"2026-03-28T16:39:26","slug":"lassociation","status":"publish","type":"page","link":"https:\/\/tapdesyeps.fr\/index.php\/lassociation\/","title":{"rendered":"L&rsquo;association"},"content":{"rendered":"<p>[et_pb_section fb_built=\u00a0\u00bb1&Prime; _builder_version=\u00a0\u00bb4.27.4&Prime; _module_preset=\u00a0\u00bbdefault\u00a0\u00bb global_colors_info=\u00a0\u00bb{}\u00a0\u00bb][et_pb_row _builder_version=\u00a0\u00bb4.27.4&Prime; _module_preset=\u00a0\u00bbdefault\u00a0\u00bb global_colors_info=\u00a0\u00bb{}\u00a0\u00bb][et_pb_column type=\u00a0\u00bb4_4&Prime; _builder_version=\u00a0\u00bb4.27.4&Prime; _module_preset=\u00a0\u00bbdefault\u00a0\u00bb global_colors_info=\u00a0\u00bb{}\u00a0\u00bb][et_pb_text _builder_version=\u00a0\u00bb4.27.4&Prime; _module_preset=\u00a0\u00bbdefault\u00a0\u00bb global_colors_info=\u00a0\u00bb{}\u00a0\u00bb]<\/p>\n<h1>TAP&rsquo; DES YEPS<\/h1>\n<p>[\/et_pb_text][et_pb_text _builder_version=\u00a0\u00bb4.27.4&Prime; _module_preset=\u00a0\u00bbdefault\u00a0\u00bb global_colors_info=\u00a0\u00bb{}\u00a0\u00bb]<\/p>\n<p><span>Une association cr\u00e9\u00e9e par et pour les festivalier\u2022es, afin de faire d\u00e9couvrir des groupes vari\u00e9s et de promouvoir des artistes locaux\u2022ales.<br \/><\/span><span>Cr\u00e9\u00e9e en 2014, l\u2019association<\/span><span>\u00a0est le fruit de cinq amis de longue date, f\u00e9rus et grands amoureux de musique, festivals et arts de rue en tout genre.<\/span><span>\u00a0Apr\u00e8s avoir \u00e9cum\u00e9 les festivals et autres \u00e9v\u00e9nements locaux, ces jeunes ont souhait\u00e9 cr\u00e9er quelque chose qui leur ressemble vraiment et qui s\u2019adresse \u00e0 un public plus jeune.<\/span><span><br \/><\/span><span>Ils se sont dit : \u201c Pourquoi pas nous ? \u201d.\u00a0<\/span><\/p>\n<p><span>L&rsquo;\u00e9quipe organisatrice est majoritairement du territoire, fans de musique et cherchant \u00e0 diffuser sa passion \u00e0 tous et \u00e0 toutes. Leurs divers parcours se compl\u00e8tent pour mener \u00e0 bien ce beau projet.<\/span><span><br \/><\/span><span>\u00c9galement, au fil de leurs r\u00e9flexions, iels souhaitent mettre en avant leur attachement \u00e0 leur r\u00e9gion, \u00e0 la vie locale, \u00e0 l\u2019\u00e9cologie et aux valeurs associatives.<br \/><\/span><span>Musicien\u2022nes, arts de rue, performances de cirque, artistes en d\u00e9ambulation, artisan\u2022es, associations et acteur\u2022ices locaux\u2022les, \u2026 Voil\u00e0 la recette Tap\u2019 des Yeps !<\/span><\/p>\n<p><span>Leurs activit\u00e9s, durant l\u2019ann\u00e9e, est d\u2019organiser plusieurs soir\u00e9es ou sorties \u00e0 destination du grand public afin d\u2019acqu\u00e9rir une notori\u00e9t\u00e9 suppl\u00e9mentaire pour leur festival.<br \/><\/span><span>Leurs actions sont \u00e9labor\u00e9es de fa\u00e7on collaborative, en pensant les projets pour et avec les festivalier\u2022es. \u00c0 travers leurs diff\u00e9rentes actions et les soir\u00e9es-concerts organis\u00e9es, ils rencontrent le public afin d\u2019\u00e9changer et d\u2019avoir un maximum d\u2019avis, de conseils et d\u2019id\u00e9es.<\/span><span><br \/><\/span><span>Il y a \u00e9galement une forte valeur bas\u00e9e sur l\u2019entraide, la d\u00e9couverte musicale, le partage, la joie de vivre, le local et la prise de conscience \u00e9cologique !\u00a0<\/span><span>( Tous les \u00e9v\u00e9nements sont consid\u00e9r\u00e9s comme \u201cEco-\u00c9v\u00e9nements\u201d.)<br \/><\/span><span>Il est essentiel pour Tap\u2019 des Yeps\u00a0 de garder un prix d\u2019entr\u00e9e raisonnable afin de permettre \u00e0 toutes et tous<\/span><span>\u00a0d\u2019acc\u00e9der \u00e0 leurs \u00e9v\u00e9nements.<\/span><\/p>\n<p>[\/et_pb_text][\/et_pb_column][\/et_pb_row][et_pb_row column_structure=\u00a0\u00bb1_2,1_2&Prime; _builder_version=\u00a0\u00bb4.27.4&Prime; _module_preset=\u00a0\u00bbdefault\u00a0\u00bb global_colors_info=\u00a0\u00bb{}\u00a0\u00bb][et_pb_column type=\u00a0\u00bb1_2&Prime; _builder_version=\u00a0\u00bb4.27.4&Prime; _module_preset=\u00a0\u00bbdefault\u00a0\u00bb global_colors_info=\u00a0\u00bb{}\u00a0\u00bb][et_pb_image src=\u00a0\u00bbhttps:\/\/tapdesyeps.fr\/wp-content\/uploads\/2026\/03\/IMG_7007-scaled.jpg\u00a0\u00bb title_text=\u00a0\u00bbIMG_7007&Prime; _builder_version=\u00a0\u00bb4.27.4&Prime; _module_preset=\u00a0\u00bbdefault\u00a0\u00bb global_colors_info=\u00a0\u00bb{}\u00a0\u00bb][\/et_pb_image][\/et_pb_column][et_pb_column type=\u00a0\u00bb1_2&Prime; _builder_version=\u00a0\u00bb4.27.4&Prime; _module_preset=\u00a0\u00bbdefault\u00a0\u00bb global_colors_info=\u00a0\u00bb{}\u00a0\u00bb][et_pb_text _builder_version=\u00a0\u00bb4.27.4&Prime; _module_preset=\u00a0\u00bbdefault\u00a0\u00bb global_colors_info=\u00a0\u00bb{}\u00a0\u00bb]<\/p>\n<h3>Festival Tap\u2019 des Yeps<\/h3>\n<p>[\/et_pb_text][et_pb_text _builder_version=\u00a0\u00bb4.27.4&Prime; _module_preset=\u00a0\u00bbdefault\u00a0\u00bb global_colors_info=\u00a0\u00bb{}\u00a0\u00bb]<\/p>\n<p><span>La premi\u00e8re \u00e9dition du festival a eu lieu en 2016. Bas\u00e9e \u00e0 Confolens, l\u2019association a pu compter depuis ses d\u00e9buts sur le soutien des institutions et d\u2019une \u00e9quipe de b\u00e9n\u00e9voles extraordinaires qui portent haut et fort les valeurs qui les rassemblent : \u00c9cologie, diversit\u00e9, valorisation locale, vivre ensemble, entraide, amiti\u00e9, partage\u2026 Voici les valeurs qui rassemblent l\u2019association depuis ses d\u00e9buts en 2014.<\/span><br \/><span>Il s\u2019agit donc d\u2019un festival charentais cr\u00e9\u00e9 pour les f\u00eatard\u2022es et les m\u00e9lomanes, afin de faire d\u00e9couvrir des groupes vari\u00e9s et de promouvoir des artistes locaux\u2022les, en invitant toutes celles et ceux qui le voudraient bien \u00e0 rejoindre cette grande famille Yepienne, dans une ambiance agr\u00e9able et chaleureuse.<\/span><\/p>\n<p>[\/et_pb_text][\/et_pb_column][\/et_pb_row][et_pb_row column_structure=\u00a0\u00bb1_4,1_4,1_4,1_4&Prime; _builder_version=\u00a0\u00bb4.27.4&Prime; _module_preset=\u00a0\u00bbdefault\u00a0\u00bb global_colors_info=\u00a0\u00bb{}\u00a0\u00bb][et_pb_column type=\u00a0\u00bb1_4&Prime; _builder_version=\u00a0\u00bb4.27.4&Prime; _module_preset=\u00a0\u00bbdefault\u00a0\u00bb global_colors_info=\u00a0\u00bb{}\u00a0\u00bb][et_pb_button button_url=\u00a0\u00bbhttps:\/\/linktr.ee\/tapdesyeps\u00a0\u00bb button_text=\u00a0\u00bbTous nos r\u00e9seaux\u00a0\u00bb _builder_version=\u00a0\u00bb4.27.4&Prime; _module_preset=\u00a0\u00bbdefault\u00a0\u00bb hover_enabled=\u00a0\u00bb0&Prime; global_colors_info=\u00a0\u00bb{}\u00a0\u00bb url_new_window=\u00a0\u00bbon\u00a0\u00bb sticky_enabled=\u00a0\u00bb0&Prime;][\/et_pb_button][\/et_pb_column][et_pb_column type=\u00a0\u00bb1_4&Prime; _builder_version=\u00a0\u00bb4.27.4&Prime; _module_preset=\u00a0\u00bbdefault\u00a0\u00bb global_colors_info=\u00a0\u00bb{}\u00a0\u00bb][\/et_pb_column][et_pb_column type=\u00a0\u00bb1_4&Prime; _builder_version=\u00a0\u00bb4.27.4&Prime; _module_preset=\u00a0\u00bbdefault\u00a0\u00bb global_colors_info=\u00a0\u00bb{}\u00a0\u00bb][\/et_pb_column][et_pb_column type=\u00a0\u00bb1_4&Prime; _builder_version=\u00a0\u00bb4.27.4&Prime; _module_preset=\u00a0\u00bbdefault\u00a0\u00bb global_colors_info=\u00a0\u00bb{}\u00a0\u00bb][et_pb_button button_url=\u00a0\u00bbhttps:\/\/framaforms.org\/tu-veux-faire-quooooooi-festival-secteur-charente-limousine-1768654754&Prime; button_text=\u00a0\u00bbDevenir b\u00e9n\u00e9vole\u00a0\u00bb _builder_version=\u00a0\u00bb4.27.4&Prime; _module_preset=\u00a0\u00bbdefault\u00a0\u00bb hover_enabled=\u00a0\u00bb0&Prime; global_colors_info=\u00a0\u00bb{}\u00a0\u00bb url_new_window=\u00a0\u00bbon\u00a0\u00bb sticky_enabled=\u00a0\u00bb0&Prime;][\/et_pb_button][\/et_pb_column][\/et_pb_row][\/et_pb_section]<\/p>\n","protected":false},"excerpt":{"rendered":"<p>TAP&rsquo; DES YEPSUne association cr\u00e9\u00e9e par et pour les festivalier\u2022es, afin de faire d\u00e9couvrir des groupes vari\u00e9s et de promouvoir des artistes locaux\u2022ales.Cr\u00e9\u00e9e en 2014, l\u2019association\u00a0est le fruit de cinq amis de longue date, f\u00e9rus et grands amoureux de musique, festivals et arts de rue en tout genre.\u00a0Apr\u00e8s avoir \u00e9cum\u00e9 les festivals et autres \u00e9v\u00e9nements [&hellip;]<\/p>\n","protected":false},"author":1,"featured_media":0,"parent":0,"menu_order":0,"comment_status":"closed","ping_status":"closed","template":"","meta":{"_et_pb_use_builder":"on","_et_pb_old_content":"","_et_gb_content_width":"","footnotes":""},"class_list":["post-90","page","type-page","status-publish","hentry"],"yoast_head":"<!-- This site is optimized with the Yoast SEO plugin v26.2 - https:\/\/yoast.com\/wordpress\/plugins\/seo\/ -->\n<title>L&#039;association - TAP&#039; DES YEPS<\/title>\n<meta name=\"robots\" content=\"noindex, follow, max-snippet:-1, max-image-preview:large, max-video-preview:-1\" \/>\n<meta property=\"og:locale\" content=\"fr_FR\" \/>\n<meta property=\"og:type\" content=\"article\" \/>\n<meta property=\"og:title\" content=\"L&#039;association - TAP&#039; DES YEPS\" \/>\n<meta property=\"og:description\" content=\"TAP&#039; DES YEPSUne association cr\u00e9\u00e9e par et pour les festivalier\u2022es, afin de faire d\u00e9couvrir des groupes vari\u00e9s et de promouvoir des artistes locaux\u2022ales.Cr\u00e9\u00e9e en 2014, l\u2019association\u00a0est le fruit de cinq amis de longue date, f\u00e9rus et grands amoureux de musique, festivals et arts de rue en tout genre.\u00a0Apr\u00e8s avoir \u00e9cum\u00e9 les festivals et autres \u00e9v\u00e9nements [&hellip;]\" \/>\n<meta property=\"og:url\" content=\"https:\/\/tapdesyeps.fr\/index.php\/lassociation\/\" \/>\n<meta property=\"og:site_name\" content=\"TAP&#039; DES YEPS\" \/>\n<meta property=\"article:modified_time\" content=\"2026-03-28T16:39:26+00:00\" \/>\n<meta name=\"twitter:card\" content=\"summary_large_image\" \/>\n<meta name=\"twitter:label1\" content=\"Dur\u00e9e de lecture estim\u00e9e\" \/>\n\t<meta name=\"twitter:data1\" content=\"4 minutes\" \/>\n<script type=\"application\/ld+json\" class=\"yoast-schema-graph\">{\"@context\":\"https:\/\/schema.org\",\"@graph\":[{\"@type\":\"WebPage\",\"@id\":\"https:\/\/tapdesyeps.fr\/index.php\/lassociation\/\",\"url\":\"https:\/\/tapdesyeps.fr\/index.php\/lassociation\/\",\"name\":\"L'association - TAP&#039; DES YEPS\",\"isPartOf\":{\"@id\":\"https:\/\/tapdesyeps.fr\/#website\"},\"datePublished\":\"2025-10-21T15:32:49+00:00\",\"dateModified\":\"2026-03-28T16:39:26+00:00\",\"breadcrumb\":{\"@id\":\"https:\/\/tapdesyeps.fr\/index.php\/lassociation\/#breadcrumb\"},\"inLanguage\":\"fr-FR\",\"potentialAction\":[{\"@type\":\"ReadAction\",\"target\":[\"https:\/\/tapdesyeps.fr\/index.php\/lassociation\/\"]}]},{\"@type\":\"BreadcrumbList\",\"@id\":\"https:\/\/tapdesyeps.fr\/index.php\/lassociation\/#breadcrumb\",\"itemListElement\":[{\"@type\":\"ListItem\",\"position\":1,\"name\":\"Accueil\",\"item\":\"https:\/\/tapdesyeps.fr\/\"},{\"@type\":\"ListItem\",\"position\":2,\"name\":\"L&rsquo;association\"}]},{\"@type\":\"WebSite\",\"@id\":\"https:\/\/tapdesyeps.fr\/#website\",\"url\":\"https:\/\/tapdesyeps.fr\/\",\"name\":\"TAP&#039; DES YEPS\",\"description\":\"\",\"potentialAction\":[{\"@type\":\"SearchAction\",\"target\":{\"@type\":\"EntryPoint\",\"urlTemplate\":\"https:\/\/tapdesyeps.fr\/?s={search_term_string}\"},\"query-input\":{\"@type\":\"PropertyValueSpecification\",\"valueRequired\":true,\"valueName\":\"search_term_string\"}}],\"inLanguage\":\"fr-FR\"}]}<\/script>\n<!-- \/ Yoast SEO plugin. -->","yoast_head_json":{"title":"L'association - TAP&#039; DES YEPS","robots":{"index":"noindex","follow":"follow","max-snippet":"max-snippet:-1","max-image-preview":"max-image-preview:large","max-video-preview":"max-video-preview:-1"},"og_locale":"fr_FR","og_type":"article","og_title":"L'association - TAP&#039; DES YEPS","og_description":"TAP' DES YEPSUne association cr\u00e9\u00e9e par et pour les festivalier\u2022es, afin de faire d\u00e9couvrir des groupes vari\u00e9s et de promouvoir des artistes locaux\u2022ales.Cr\u00e9\u00e9e en 2014, l\u2019association\u00a0est le fruit de cinq amis de longue date, f\u00e9rus et grands amoureux de musique, festivals et arts de rue en tout genre.\u00a0Apr\u00e8s avoir \u00e9cum\u00e9 les festivals et autres \u00e9v\u00e9nements [&hellip;]","og_url":"https:\/\/tapdesyeps.fr\/index.php\/lassociation\/","og_site_name":"TAP&#039; DES YEPS","article_modified_time":"2026-03-28T16:39:26+00:00","twitter_card":"summary_large_image","twitter_misc":{"Dur\u00e9e de lecture estim\u00e9e":"4 minutes"},"schema":{"@context":"https:\/\/schema.org","@graph":[{"@type":"WebPage","@id":"https:\/\/tapdesyeps.fr\/index.php\/lassociation\/","url":"https:\/\/tapdesyeps.fr\/index.php\/lassociation\/","name":"L'association - TAP&#039; DES YEPS","isPartOf":{"@id":"https:\/\/tapdesyeps.fr\/#website"},"datePublished":"2025-10-21T15:32:49+00:00","dateModified":"2026-03-28T16:39:26+00:00","breadcrumb":{"@id":"https:\/\/tapdesyeps.fr\/index.php\/lassociation\/#breadcrumb"},"inLanguage":"fr-FR","potentialAction":[{"@type":"ReadAction","target":["https:\/\/tapdesyeps.fr\/index.php\/lassociation\/"]}]},{"@type":"BreadcrumbList","@id":"https:\/\/tapdesyeps.fr\/index.php\/lassociation\/#breadcrumb","itemListElement":[{"@type":"ListItem","position":1,"name":"Accueil","item":"https:\/\/tapdesyeps.fr\/"},{"@type":"ListItem","position":2,"name":"L&rsquo;association"}]},{"@type":"WebSite","@id":"https:\/\/tapdesyeps.fr\/#website","url":"https:\/\/tapdesyeps.fr\/","name":"TAP&#039; DES YEPS","description":"","potentialAction":[{"@type":"SearchAction","target":{"@type":"EntryPoint","urlTemplate":"https:\/\/tapdesyeps.fr\/?s={search_term_string}"},"query-input":{"@type":"PropertyValueSpecification","valueRequired":true,"valueName":"search_term_string"}}],"inLanguage":"fr-FR"}]}},"_links":{"self":[{"href":"https:\/\/tapdesyeps.fr\/index.php\/wp-json\/wp\/v2\/pages\/90","targetHints":{"allow":["GET"]}}],"collection":[{"href":"https:\/\/tapdesyeps.fr\/index.php\/wp-json\/wp\/v2\/pages"}],"about":[{"href":"https:\/\/tapdesyeps.fr\/index.php\/wp-json\/wp\/v2\/types\/page"}],"author":[{"embeddable":true,"href":"https:\/\/tapdesyeps.fr\/index.php\/wp-json\/wp\/v2\/users\/1"}],"replies":[{"embeddable":true,"href":"https:\/\/tapdesyeps.fr\/index.php\/wp-json\/wp\/v2\/comments?post=90"}],"version-history":[{"count":12,"href":"https:\/\/tapdesyeps.fr\/index.php\/wp-json\/wp\/v2\/pages\/90\/revisions"}],"predecessor-version":[{"id":293,"href":"https:\/\/tapdesyeps.fr\/index.php\/wp-json\/wp\/v2\/pages\/90\/revisions\/293"}],"wp:attachment":[{"href":"https:\/\/tapdesyeps.fr\/index.php\/wp-json\/wp\/v2\/media?parent=90"}],"curies":[{"name":"wp","href":"https:\/\/api.w.org\/{rel}","templated":true}]}}